{"id":914,"date":"2019-02-07T07:34:18","date_gmt":"2019-02-07T07:34:18","guid":{"rendered":"https:\/\/www.fla-shop.com\/blog\/?page_id=914"},"modified":"2022-05-23T09:26:52","modified_gmt":"2022-05-23T09:26:52","slug":"verdenskart-for-wordpress","status":"publish","type":"page","link":"https:\/\/www.fla-shop.com\/blog\/verdenskart-for-wordpress\/","title":{"rendered":"World map for WordPress in Norwegian"},"content":{"rendered":"\n<div class=\"wp-block-group article_md_block\"><div class=\"wp-block-group__inner-container is-layout-flow wp-block-group-is-layout-flow\">\n<div id=\"map-container\"><svg style=\"width:100%\" viewBox=\"0 0 600 400\" xmlns=\"http:\/\/www.w3.org\/2000\/svg\"><path d=\"M 0.0,0.0 V 400 H 600 V 0.0 Z\" fill=\"#FFFFFF\"><\/path><\/svg><\/div>\n<link rel=\"stylesheet\" href=\"\/blog\/wp-content\/uploads\/2018\/maps\/worldcountries\/map.css\">\n<script src=\"\/blog\/wp-content\/uploads\/2018\/maps\/worldcountries\/raphael.min.js\"><\/script>\n<script src=\"\/blog\/wp-content\/uploads\/2018\/maps\/worldcountries\/settings-no.js\"><\/script>\n<script src=\"\/blog\/wp-content\/uploads\/2018\/maps\/worldcountries\/paths.js\"><\/script>\n<script src=\"\/blog\/wp-content\/uploads\/2018\/maps\/worldcountries\/map.js\"><\/script>\n<script>\nvar map = new FlaMap(map_cfg);\ndocument.getElementById('map-container').innerHTML = '';\nmap.draw('map-container');\n<\/script>\n<\/div><\/div>\n\n\n\n<p><\/p>\n\n\n\n<div class=\"wp-block-group article_sm_block\"><div class=\"wp-block-group__inner-container is-layout-flow wp-block-group-is-layout-flow\">\n<h2 class=\"wp-block-heading\">Download the language pack<\/h2>\n\n\n\n<ul class=\"article_sm_block wp-block-list\"><li>Download the file <a href=\"https:\/\/www.fla-shop.com\/download\/freebies\/language-packs\/worldcountries-no.zip\"><strong>worldcountries-no.zip<\/strong><\/a>.<\/li><li>Extract the <strong>worldcountries-no.json<\/strong> file from the ZIP file.<\/li><li>Import the JSON file on the Maps Dashboard page in the plugin.<\/li><\/ul>\n\n\n\n<p>A detailed guide with screenshots can be found in the post <a href=\"https:\/\/www.fla-shop.com\/blog\/world-map-with-localized-country-names-for-wordpress-websites\/\">How to Make a World Map with Localized Country Names<\/a><\/p>\n\n\n\n<div class=\"wp-block-image\"><figure class=\"aligncenter\"><img decoding=\"async\" src=\"https:\/\/www.fla-shop.com\/blog\/wp-content\/uploads\/2019\/12\/multilingual-world-map.png\" alt=\"Multilingual World Map\"\/><\/figure><\/div>\n\n\n\n<h2 class=\"wp-block-heading\">List of country names in Norwegian<\/h2>\n\n\n\n<ul style=\"column-count: auto; column-width: 200px;\">\n\n \t<li>Afghanistan<\/li>\n \t<li>\u00c5land<\/li>\n \t<li>Albania<\/li>\n \t<li>Algerie<\/li>\n \t<li>Amerikansk Samoa<\/li>\n \t<li>Andorra<\/li>\n \t<li>Angola<\/li>\n \t<li>Anguilla<\/li>\n \t<li>Antarktis<\/li>\n \t<li>Antigua og Barbuda<\/li>\n \t<li>Argentina<\/li>\n \t<li>Armenia<\/li>\n \t<li>Aruba<\/li>\n \t<li>Aserbajdsjan<\/li>\n \t<li>Australia<\/li>\n \t<li>Bahamas<\/li>\n \t<li>Bahrain<\/li>\n \t<li>Bangladesh<\/li>\n \t<li>Barbados<\/li>\n \t<li>Belgia<\/li>\n \t<li>Belize<\/li>\n \t<li>Benin<\/li>\n \t<li>Bermuda<\/li>\n \t<li>Bhutan<\/li>\n \t<li>Bolivia<\/li>\n \t<li>Bosnia-Hercegovina<\/li>\n \t<li>Botswana<\/li>\n \t<li>Bouvet\u00f8ya<\/li>\n \t<li>Brasil<\/li>\n \t<li>Brunei<\/li>\n \t<li>Bulgaria<\/li>\n \t<li>Burkina Faso<\/li>\n \t<li>Burundi<\/li>\n \t<li>Canada<\/li>\n \t<li>Cayman\u00f8yene<\/li>\n \t<li>Chile<\/li>\n \t<li>Christmas\u00f8ya<\/li>\n \t<li>Colombia<\/li>\n \t<li>Cook\u00f8yene<\/li>\n \t<li>Costa Rica<\/li>\n \t<li>Cuba<\/li>\n \t<li>Cura\u00e7ao<\/li>\n \t<li>Danmark<\/li>\n \t<li>De amerikanske jomfru\u00f8yene<\/li>\n \t<li>De britiske jomfru\u00f8yene<\/li>\n \t<li>De forente arabiske emirater<\/li>\n \t<li>De franske s\u00f8rterritorier<\/li>\n \t<li>Den dominikanske republikk<\/li>\n \t<li>Den sentralafrikanske republikk<\/li>\n \t<li>Det britiske territoriet i Indiahavet<\/li>\n \t<li>Det palestinske omr\u00e5det<\/li>\n \t<li>Djibouti<\/li>\n \t<li>Dominica<\/li>\n \t<li>Ecuador<\/li>\n \t<li>Egypt<\/li>\n \t<li>Ekvatorial-Guinea<\/li>\n \t<li>El Salvador<\/li>\n \t<li>Elfenbenskysten<\/li>\n \t<li>Eritrea<\/li>\n \t<li>Estland<\/li>\n \t<li>Etiopia<\/li>\n \t<li>F\u00e6r\u00f8yene<\/li>\n \t<li>Falklands\u00f8yene<\/li>\n \t<li>Fiji<\/li>\n \t<li>Filippinene<\/li>\n \t<li>Finland<\/li>\n \t<li>Frankrike<\/li>\n \t<li>Fransk Guyana<\/li>\n \t<li>Fransk Polynesia<\/li>\n \t<li>Gabon<\/li>\n \t<li>Gambia<\/li>\n \t<li>Gazastripen<\/li>\n \t<li>Georgia<\/li>\n \t<li>Ghana<\/li>\n \t<li>Gibraltar<\/li>\n \t<li>Grenada<\/li>\n \t<li>Gr\u00f8nland<\/li>\n \t<li>Guadeloupe<\/li>\n \t<li>Guam<\/li>\n \t<li>Guatemala<\/li>\n \t<li>Guernsey<\/li>\n \t<li>Guinea<\/li>\n \t<li>Guinea-Bissau<\/li>\n \t<li>Guyana<\/li>\n \t<li>Haiti<\/li>\n \t<li>Heard- og McDonald\u00f8yene<\/li>\n \t<li>Hellas<\/li>\n \t<li>Honduras<\/li>\n \t<li>Hongkong S.A.R. Kina<\/li>\n \t<li>Hviterussland<\/li>\n \t<li>India<\/li>\n \t<li>Indonesia<\/li>\n \t<li>Irak<\/li>\n \t<li>Iran<\/li>\n \t<li>Irland<\/li>\n \t<li>Island<\/li>\n \t<li>Israel<\/li>\n \t<li>Italia<\/li>\n \t<li>Jamaica<\/li>\n \t<li>Japan<\/li>\n \t<li>Jemen<\/li>\n \t<li>Jersey<\/li>\n \t<li>Jordan<\/li>\n \t<li>Kambodsja<\/li>\n \t<li>Kamerun<\/li>\n \t<li>Kapp Verde<\/li>\n \t<li>Karibisk Nederland<\/li>\n \t<li>Kasakhstan<\/li>\n \t<li>Kenya<\/li>\n \t<li>Kina<\/li>\n \t<li>Kirgisistan<\/li>\n \t<li>Kiribati<\/li>\n \t<li>Kokos\u00f8yene<\/li>\n \t<li>Komorene<\/li>\n \t<li>Kongo-Brazzaville<\/li>\n \t<li>Kongo-Kinshasa<\/li>\n \t<li>Kosovo<\/li>\n \t<li>Kroatia<\/li>\n \t<li>Kuwait<\/li>\n \t<li>Kypros<\/li>\n \t<li>Laos<\/li>\n \t<li>Latvia<\/li>\n \t<li>Lesotho<\/li>\n \t<li>Libanon<\/li>\n \t<li>Liberia<\/li>\n \t<li>Libya<\/li>\n \t<li>Liechtenstein<\/li>\n \t<li>Litauen<\/li>\n \t<li>Luxemburg<\/li>\n \t<li>Macao S.A.R. Kina<\/li>\n \t<li>Madagaskar<\/li>\n \t<li>Makedonia<\/li>\n \t<li>Malawi<\/li>\n \t<li>Malaysia<\/li>\n \t<li>Maldivene<\/li>\n \t<li>Mali<\/li>\n \t<li>Malta<\/li>\n \t<li>Man<\/li>\n \t<li>Marokko<\/li>\n \t<li>Marshall\u00f8yene<\/li>\n \t<li>Martinique<\/li>\n \t<li>Mauritania<\/li>\n \t<li>Mauritius<\/li>\n \t<li>Mayotte<\/li>\n \t<li>Mexico<\/li>\n \t<li>Mikronesiaf\u00f8derasjonen<\/li>\n \t<li>Moldova<\/li>\n \t<li>Monaco<\/li>\n \t<li>Mongolia<\/li>\n \t<li>Montenegro<\/li>\n \t<li>Montserrat<\/li>\n \t<li>Mosambik<\/li>\n \t<li>Myanmar (Burma)<\/li>\n \t<li>Namibia<\/li>\n \t<li>Nauru<\/li>\n \t<li>Nederland<\/li>\n \t<li>Nepal<\/li>\n \t<li>New Zealand<\/li>\n \t<li>Nicaragua<\/li>\n \t<li>Niger<\/li>\n \t<li>Nigeria<\/li>\n \t<li>Niue<\/li>\n \t<li>Nord-Korea<\/li>\n \t<li>Nord-Marianene<\/li>\n \t<li>Norfolk\u00f8ya<\/li>\n \t<li>Norge<\/li>\n \t<li>Ny-Caledonia<\/li>\n \t<li>Oman<\/li>\n \t<li>\u00d8sterrike<\/li>\n \t<li>\u00d8st-Timor<\/li>\n \t<li>Pakistan<\/li>\n \t<li>Palau<\/li>\n \t<li>Panama<\/li>\n \t<li>Papua Ny-Guinea<\/li>\n \t<li>Paraguay<\/li>\n \t<li>Peru<\/li>\n \t<li>Pitcairn<\/li>\n \t<li>Polen<\/li>\n \t<li>Portugal<\/li>\n \t<li>Puerto Rico<\/li>\n \t<li>Qatar<\/li>\n \t<li>R\u00e9union<\/li>\n \t<li>Romania<\/li>\n \t<li>Russland<\/li>\n \t<li>Rwanda<\/li>\n \t<li>Saint Kitts og Nevis<\/li>\n \t<li>Saint-Barth\u00e9lemy<\/li>\n \t<li>Saint-Martin<\/li>\n \t<li>Salomon\u00f8yene<\/li>\n \t<li>Samoa<\/li>\n \t<li>San Marino<\/li>\n \t<li>S\u00e3o Tom\u00e9 og Pr\u00edncipe<\/li>\n \t<li>Saudi-Arabia<\/li>\n \t<li>Senegal<\/li>\n \t<li>Serbia<\/li>\n \t<li>Seychellene<\/li>\n \t<li>Sierra Leone<\/li>\n \t<li>Singapore<\/li>\n \t<li>Sint Maarten<\/li>\n \t<li>Slovakia<\/li>\n \t<li>Slovenia<\/li>\n \t<li>Somalia<\/li>\n \t<li>S\u00f8r-Afrika<\/li>\n \t<li>S\u00f8r-Georgia og S\u00f8r-Sandwich\u00f8yene<\/li>\n \t<li>S\u00f8r-Korea<\/li>\n \t<li>S\u00f8r-Sudan<\/li>\n \t<li>Spania<\/li>\n \t<li>Sri Lanka<\/li>\n \t<li>St. Helena<\/li>\n \t<li>St. Lucia<\/li>\n \t<li>St. Pierre og Miquelon<\/li>\n \t<li>St. Vincent og Grenadinene<\/li>\n \t<li>Storbritannia<\/li>\n \t<li>Sudan<\/li>\n \t<li>Surinam<\/li>\n \t<li>Svalbard og Jan Mayen<\/li>\n \t<li>Sveits<\/li>\n \t<li>Sverige<\/li>\n \t<li>Swaziland<\/li>\n \t<li>Syria<\/li>\n \t<li>Tadsjikistan<\/li>\n \t<li>Taiwan<\/li>\n \t<li>Tanzania<\/li>\n \t<li>Thailand<\/li>\n \t<li>Togo<\/li>\n \t<li>Tokelau<\/li>\n \t<li>Tonga<\/li>\n \t<li>Trinidad og Tobago<\/li>\n \t<li>Tsjad<\/li>\n \t<li>Tsjekkia<\/li>\n \t<li>Tunisia<\/li>\n \t<li>Turkmenistan<\/li>\n \t<li>Turks- og Caicos\u00f8yene<\/li>\n \t<li>Tuvalu<\/li>\n \t<li>Tyrkia<\/li>\n \t<li>Tyskland<\/li>\n \t<li>Uganda<\/li>\n \t<li>Ukraina<\/li>\n \t<li>Ungarn<\/li>\n \t<li>Uruguay<\/li>\n \t<li>USA<\/li>\n \t<li>USAs ytre \u00f8yer<\/li>\n \t<li>Usbekistan<\/li>\n \t<li>Vanuatu<\/li>\n \t<li>Vatikanstaten<\/li>\n \t<li>Venezuela<\/li>\n \t<li>Vest-Sahara<\/li>\n \t<li>Vietnam<\/li>\n \t<li>Wallis og Futuna<\/li>\n \t<li>Zambia<\/li>\n \t<li>Zimbabwe<\/li>\n\n<\/ul>\n\n\n\n<p class=\"has-text-align-center\"><a class=\"greenbutton\" href=\"https:\/\/www.fla-shop.com\/products\/wp-plugins\/world\/countries\/\">Download the Interactive World Map for WordPress<\/a><\/p>\n<\/div><\/div>\n","protected":false},"excerpt":{"rendered":"<p>Download the language pack Download the file worldcountries-no.zip. Extract the worldcountries-no.json file from the ZIP file. Import the JSON file on the Maps Dashboard page in the plugin. A detailed guide with screenshots can be found in the post How&#8230;<\/p>\n","protected":false},"author":1,"featured_media":1539,"parent":0,"menu_order":0,"comment_status":"closed","ping_status":"closed","template":"post1.php","meta":{"_acf_changed":false,"footnotes":""},"class_list":["post-914","page","type-page","status-publish","has-post-thumbnail","hentry"],"acf":[],"yoast_head":"<!-- This site is optimized with the Yoast SEO plugin v27.5 - https:\/\/yoast.com\/product\/yoast-seo-wordpress\/ -->\n<title>Verdenskart for WordPress. Download the free language pack.<\/title>\n<meta name=\"description\" content=\"Is your WordPress site for a Norwegian-speaking audience? Create a world map with the names of countries in Norwegian! Verdenskart for WordPress\" \/>\n<meta name=\"robots\" content=\"noindex, follow\" \/>\n<meta property=\"og:locale\" content=\"en_US\" \/>\n<meta property=\"og:type\" content=\"article\" \/>\n<meta property=\"og:title\" content=\"Verdenskart for WordPress. Download the free language pack.\" \/>\n<meta property=\"og:description\" content=\"Is your WordPress site for a Norwegian-speaking audience? Create a world map with the names of countries in Norwegian! Verdenskart for WordPress\" \/>\n<meta property=\"og:url\" content=\"https:\/\/www.fla-shop.com\/blog\/verdenskart-for-wordpress\/\" \/>\n<meta property=\"og:site_name\" content=\"Fla-Shop.com\" \/>\n<meta property=\"article:publisher\" content=\"https:\/\/www.facebook.com\/flashopcom\/\" \/>\n<meta property=\"article:modified_time\" content=\"2022-05-23T09:26:52+00:00\" \/>\n<meta property=\"og:image\" content=\"https:\/\/www.fla-shop.com\/blog\/wp-content\/uploads\/2022\/05\/world-map-no.png\" \/>\n\t<meta property=\"og:image:width\" content=\"1200\" \/>\n\t<meta property=\"og:image:height\" content=\"630\" \/>\n\t<meta property=\"og:image:type\" content=\"image\/png\" \/>\n<meta name=\"twitter:card\" content=\"summary_large_image\" \/>\n<meta name=\"twitter:site\" content=\"@flashop\" \/>\n<meta name=\"twitter:label1\" content=\"Est. reading time\" \/>\n\t<meta name=\"twitter:data1\" content=\"2 minutes\" \/>\n<script type=\"application\/ld+json\" class=\"yoast-schema-graph\">{\"@context\":\"https:\\\/\\\/schema.org\",\"@graph\":[{\"@type\":\"WebPage\",\"@id\":\"https:\\\/\\\/www.fla-shop.com\\\/blog\\\/verdenskart-for-wordpress\\\/\",\"url\":\"https:\\\/\\\/www.fla-shop.com\\\/blog\\\/verdenskart-for-wordpress\\\/\",\"name\":\"Verdenskart for WordPress. Download the free language pack.\",\"isPartOf\":{\"@id\":\"https:\\\/\\\/www.fla-shop.com\\\/blog\\\/#website\"},\"primaryImageOfPage\":{\"@id\":\"https:\\\/\\\/www.fla-shop.com\\\/blog\\\/verdenskart-for-wordpress\\\/#primaryimage\"},\"image\":{\"@id\":\"https:\\\/\\\/www.fla-shop.com\\\/blog\\\/verdenskart-for-wordpress\\\/#primaryimage\"},\"thumbnailUrl\":\"https:\\\/\\\/www.fla-shop.com\\\/blog\\\/wp-content\\\/uploads\\\/2022\\\/05\\\/world-map-no.png\",\"datePublished\":\"2019-02-07T07:34:18+00:00\",\"dateModified\":\"2022-05-23T09:26:52+00:00\",\"description\":\"Is your WordPress site for a Norwegian-speaking audience? Create a world map with the names of countries in Norwegian! Verdenskart for WordPress\",\"breadcrumb\":{\"@id\":\"https:\\\/\\\/www.fla-shop.com\\\/blog\\\/verdenskart-for-wordpress\\\/#breadcrumb\"},\"inLanguage\":\"en-US\",\"potentialAction\":[{\"@type\":\"ReadAction\",\"target\":[\"https:\\\/\\\/www.fla-shop.com\\\/blog\\\/verdenskart-for-wordpress\\\/\"]}]},{\"@type\":\"ImageObject\",\"inLanguage\":\"en-US\",\"@id\":\"https:\\\/\\\/www.fla-shop.com\\\/blog\\\/verdenskart-for-wordpress\\\/#primaryimage\",\"url\":\"https:\\\/\\\/www.fla-shop.com\\\/blog\\\/wp-content\\\/uploads\\\/2022\\\/05\\\/world-map-no.png\",\"contentUrl\":\"https:\\\/\\\/www.fla-shop.com\\\/blog\\\/wp-content\\\/uploads\\\/2022\\\/05\\\/world-map-no.png\",\"width\":1200,\"height\":630},{\"@type\":\"BreadcrumbList\",\"@id\":\"https:\\\/\\\/www.fla-shop.com\\\/blog\\\/verdenskart-for-wordpress\\\/#breadcrumb\",\"itemListElement\":[{\"@type\":\"ListItem\",\"position\":1,\"name\":\"Blog\",\"item\":\"https:\\\/\\\/www.fla-shop.com\\\/blog\\\/\"},{\"@type\":\"ListItem\",\"position\":2,\"name\":\"World map for WordPress in Norwegian\"}]},{\"@type\":\"WebSite\",\"@id\":\"https:\\\/\\\/www.fla-shop.com\\\/blog\\\/#website\",\"url\":\"https:\\\/\\\/www.fla-shop.com\\\/blog\\\/\",\"name\":\"Fla-Shop.com\",\"description\":\"Interactive Maps, HTML5, WordPress, Map Use-cases \u2013 Fla-shop.com blog\",\"publisher\":{\"@id\":\"https:\\\/\\\/www.fla-shop.com\\\/blog\\\/#organization\"},\"potentialAction\":[{\"@type\":\"SearchAction\",\"target\":{\"@type\":\"EntryPoint\",\"urlTemplate\":\"https:\\\/\\\/www.fla-shop.com\\\/blog\\\/?s={search_term_string}\"},\"query-input\":{\"@type\":\"PropertyValueSpecification\",\"valueRequired\":true,\"valueName\":\"search_term_string\"}}],\"inLanguage\":\"en-US\"},{\"@type\":\"Organization\",\"@id\":\"https:\\\/\\\/www.fla-shop.com\\\/blog\\\/#organization\",\"name\":\"Fla-shop.com\",\"url\":\"https:\\\/\\\/www.fla-shop.com\\\/blog\\\/\",\"logo\":{\"@type\":\"ImageObject\",\"inLanguage\":\"en-US\",\"@id\":\"https:\\\/\\\/www.fla-shop.com\\\/blog\\\/#\\\/schema\\\/logo\\\/image\\\/\",\"url\":\"https:\\\/\\\/www.fla-shop.com\\\/blog\\\/wp-content\\\/uploads\\\/2017\\\/06\\\/fla-shop_twitter_logo.jpg\",\"contentUrl\":\"https:\\\/\\\/www.fla-shop.com\\\/blog\\\/wp-content\\\/uploads\\\/2017\\\/06\\\/fla-shop_twitter_logo.jpg\",\"width\":128,\"height\":128,\"caption\":\"Fla-shop.com\"},\"image\":{\"@id\":\"https:\\\/\\\/www.fla-shop.com\\\/blog\\\/#\\\/schema\\\/logo\\\/image\\\/\"},\"sameAs\":[\"https:\\\/\\\/www.facebook.com\\\/flashopcom\\\/\",\"https:\\\/\\\/x.com\\\/flashop\",\"https:\\\/\\\/www.youtube.com\\\/user\\\/flashopcom\"]}]}<\/script>\n<!-- \/ Yoast SEO plugin. -->","yoast_head_json":{"title":"Verdenskart for WordPress. Download the free language pack.","description":"Is your WordPress site for a Norwegian-speaking audience? Create a world map with the names of countries in Norwegian! Verdenskart for WordPress","robots":{"index":"noindex","follow":"follow"},"og_locale":"en_US","og_type":"article","og_title":"Verdenskart for WordPress. Download the free language pack.","og_description":"Is your WordPress site for a Norwegian-speaking audience? Create a world map with the names of countries in Norwegian! Verdenskart for WordPress","og_url":"https:\/\/www.fla-shop.com\/blog\/verdenskart-for-wordpress\/","og_site_name":"Fla-Shop.com","article_publisher":"https:\/\/www.facebook.com\/flashopcom\/","article_modified_time":"2022-05-23T09:26:52+00:00","og_image":[{"width":1200,"height":630,"url":"https:\/\/www.fla-shop.com\/blog\/wp-content\/uploads\/2022\/05\/world-map-no.png","type":"image\/png"}],"twitter_card":"summary_large_image","twitter_site":"@flashop","twitter_misc":{"Est. reading time":"2 minutes"},"schema":{"@context":"https:\/\/schema.org","@graph":[{"@type":"WebPage","@id":"https:\/\/www.fla-shop.com\/blog\/verdenskart-for-wordpress\/","url":"https:\/\/www.fla-shop.com\/blog\/verdenskart-for-wordpress\/","name":"Verdenskart for WordPress. Download the free language pack.","isPartOf":{"@id":"https:\/\/www.fla-shop.com\/blog\/#website"},"primaryImageOfPage":{"@id":"https:\/\/www.fla-shop.com\/blog\/verdenskart-for-wordpress\/#primaryimage"},"image":{"@id":"https:\/\/www.fla-shop.com\/blog\/verdenskart-for-wordpress\/#primaryimage"},"thumbnailUrl":"https:\/\/www.fla-shop.com\/blog\/wp-content\/uploads\/2022\/05\/world-map-no.png","datePublished":"2019-02-07T07:34:18+00:00","dateModified":"2022-05-23T09:26:52+00:00","description":"Is your WordPress site for a Norwegian-speaking audience? Create a world map with the names of countries in Norwegian! Verdenskart for WordPress","breadcrumb":{"@id":"https:\/\/www.fla-shop.com\/blog\/verdenskart-for-wordpress\/#breadcrumb"},"inLanguage":"en-US","potentialAction":[{"@type":"ReadAction","target":["https:\/\/www.fla-shop.com\/blog\/verdenskart-for-wordpress\/"]}]},{"@type":"ImageObject","inLanguage":"en-US","@id":"https:\/\/www.fla-shop.com\/blog\/verdenskart-for-wordpress\/#primaryimage","url":"https:\/\/www.fla-shop.com\/blog\/wp-content\/uploads\/2022\/05\/world-map-no.png","contentUrl":"https:\/\/www.fla-shop.com\/blog\/wp-content\/uploads\/2022\/05\/world-map-no.png","width":1200,"height":630},{"@type":"BreadcrumbList","@id":"https:\/\/www.fla-shop.com\/blog\/verdenskart-for-wordpress\/#breadcrumb","itemListElement":[{"@type":"ListItem","position":1,"name":"Blog","item":"https:\/\/www.fla-shop.com\/blog\/"},{"@type":"ListItem","position":2,"name":"World map for WordPress in Norwegian"}]},{"@type":"WebSite","@id":"https:\/\/www.fla-shop.com\/blog\/#website","url":"https:\/\/www.fla-shop.com\/blog\/","name":"Fla-Shop.com","description":"Interactive Maps, HTML5, WordPress, Map Use-cases \u2013 Fla-shop.com blog","publisher":{"@id":"https:\/\/www.fla-shop.com\/blog\/#organization"},"potentialAction":[{"@type":"SearchAction","target":{"@type":"EntryPoint","urlTemplate":"https:\/\/www.fla-shop.com\/blog\/?s={search_term_string}"},"query-input":{"@type":"PropertyValueSpecification","valueRequired":true,"valueName":"search_term_string"}}],"inLanguage":"en-US"},{"@type":"Organization","@id":"https:\/\/www.fla-shop.com\/blog\/#organization","name":"Fla-shop.com","url":"https:\/\/www.fla-shop.com\/blog\/","logo":{"@type":"ImageObject","inLanguage":"en-US","@id":"https:\/\/www.fla-shop.com\/blog\/#\/schema\/logo\/image\/","url":"https:\/\/www.fla-shop.com\/blog\/wp-content\/uploads\/2017\/06\/fla-shop_twitter_logo.jpg","contentUrl":"https:\/\/www.fla-shop.com\/blog\/wp-content\/uploads\/2017\/06\/fla-shop_twitter_logo.jpg","width":128,"height":128,"caption":"Fla-shop.com"},"image":{"@id":"https:\/\/www.fla-shop.com\/blog\/#\/schema\/logo\/image\/"},"sameAs":["https:\/\/www.facebook.com\/flashopcom\/","https:\/\/x.com\/flashop","https:\/\/www.youtube.com\/user\/flashopcom"]}]}},"_links":{"self":[{"href":"https:\/\/www.fla-shop.com\/blog\/wp-json\/wp\/v2\/pages\/914","targetHints":{"allow":["GET"]}}],"collection":[{"href":"https:\/\/www.fla-shop.com\/blog\/wp-json\/wp\/v2\/pages"}],"about":[{"href":"https:\/\/www.fla-shop.com\/blog\/wp-json\/wp\/v2\/types\/page"}],"author":[{"embeddable":true,"href":"https:\/\/www.fla-shop.com\/blog\/wp-json\/wp\/v2\/users\/1"}],"replies":[{"embeddable":true,"href":"https:\/\/www.fla-shop.com\/blog\/wp-json\/wp\/v2\/comments?post=914"}],"version-history":[{"count":4,"href":"https:\/\/www.fla-shop.com\/blog\/wp-json\/wp\/v2\/pages\/914\/revisions"}],"predecessor-version":[{"id":1541,"href":"https:\/\/www.fla-shop.com\/blog\/wp-json\/wp\/v2\/pages\/914\/revisions\/1541"}],"wp:featuredmedia":[{"embeddable":true,"href":"https:\/\/www.fla-shop.com\/blog\/wp-json\/wp\/v2\/media\/1539"}],"wp:attachment":[{"href":"https:\/\/www.fla-shop.com\/blog\/wp-json\/wp\/v2\/media?parent=914"}],"curies":[{"name":"wp","href":"https:\/\/api.w.org\/{rel}","templated":true}]}}